{"id":136,"date":"2025-11-14T23:18:15","date_gmt":"2025-11-14T22:18:15","guid":{"rendered":"https:\/\/beatasobieraj.xaa.pl\/?page_id=136"},"modified":"2025-11-14T23:18:15","modified_gmt":"2025-11-14T22:18:15","slug":"wskazowki","status":"publish","type":"page","link":"https:\/\/beatasobieraj.xaa.pl\/index.php\/wskazowki\/","title":{"rendered":"wskaz\u00f3wki"},"content":{"rendered":"<h2 style=\"text-align: center;\"><a href=\"https:\/\/www.youtube.com\/watch?v=O6EUL6WFtaM&amp;t=5s\"><span style=\"color: #993366;\"><strong>&gt;&gt; KLIKNIJ TUTAJ &lt;&lt;<\/strong><\/span><\/a><\/h2>\n<h5 style=\"text-align: center;\">Wy\u015bwietli Ci si\u0119 filmik z najwa\u017cniejszymi wskaz\u00f3wkami potrzebnymi do dzia\u0142ania. Zapoznaj si\u0119 z nim! \ud83d\ude42<\/h5>\n<p style=\"text-align: center;\">Dodam tylko, \u017ce w filmiku s\u0105 u\u017cyte wskaz\u00f3wki dotycz\u0105ce dzia\u0142ania na Facebooku. Je\u015bli potrzebujesz informacji jak zacz\u0105\u0107 dzia\u0142a\u0107 na TikToku lub Instagramie &#8211; napisz do mnie, a nagram Ci g\u0142os\u00f3wk\u0119 i opowiem jak ja zaczyna\u0142am i co mi pomog\u0142o! \ud83d\ude42<\/p>\n<p>&nbsp;<\/p>\n<h4 style=\"text-align: center;\"><span style=\"color: #993366;\">Jak wygenerowa\u0107 link polecaj\u0105cy do rejestracji w programie Comperialead?<\/span><\/h4>\n<h5 style=\"text-align: center;\">To proste! \ud83d\ude42<\/h5>\n<ul>\n<li style=\"text-align: center;\">\u00a0Zaloguj si\u0119 na stron\u0119 Comperialead.pl<\/li>\n<li style=\"text-align: center;\">Wejd\u017a w zak\u0142adk\u0119 <span style=\"color: #993366;\"><strong>TWOJE KONTO -&gt; POLE\u0106 STRON\u0118<\/strong><\/span><\/li>\n<li style=\"text-align: center;\">Masz gotowy link do rejestracji! Link generujesz tylko raz i ca\u0142y czas u\u017cywasz tego samego.<\/li>\n<\/ul>\n<p>&nbsp;<\/p>\n<h2 style=\"text-align: center;\"><span style=\"color: #993366;\">POWODZENIA!<\/span><\/h2>\n<p>&nbsp;<\/p>\n","protected":false},"excerpt":{"rendered":"<p>&gt;&gt; KLIKNIJ TUTAJ &lt;&lt; Wy\u015bwietli Ci si\u0119 filmik z najwa\u017cniejszymi wskaz\u00f3wkami potrzebnymi do dzia\u0142ania. Zapoznaj si\u0119 z nim! \ud83d\ude42 Dodam tylko, \u017ce w filmiku s\u0105 u\u017cyte wskaz\u00f3wki dotycz\u0105ce dzia\u0142ania na Facebooku. Je\u015bli potrzebujesz informacji jak zacz\u0105\u0107 dzia\u0142a\u0107 na TikToku lub Instagramie &#8211; napisz do mnie, a nagram Ci g\u0142os\u00f3wk\u0119 i<a class=\"moretag\" href=\"https:\/\/beatasobieraj.xaa.pl\/index.php\/wskazowki\/\"> Read more<\/a><\/p>\n","protected":false},"author":1,"featured_media":0,"parent":0,"menu_order":0,"comment_status":"closed","ping_status":"closed","template":"","meta":{"footnotes":""},"class_list":["post-136","page","type-page","status-publish","hentry"],"_links":{"self":[{"href":"https:\/\/beatasobieraj.xaa.pl\/index.php\/wp-json\/wp\/v2\/pages\/136","targetHints":{"allow":["GET"]}}],"collection":[{"href":"https:\/\/beatasobieraj.xaa.pl\/index.php\/wp-json\/wp\/v2\/pages"}],"about":[{"href":"https:\/\/beatasobieraj.xaa.pl\/index.php\/wp-json\/wp\/v2\/types\/page"}],"author":[{"embeddable":true,"href":"https:\/\/beatasobieraj.xaa.pl\/index.php\/wp-json\/wp\/v2\/users\/1"}],"replies":[{"embeddable":true,"href":"https:\/\/beatasobieraj.xaa.pl\/index.php\/wp-json\/wp\/v2\/comments?post=136"}],"version-history":[{"count":1,"href":"https:\/\/beatasobieraj.xaa.pl\/index.php\/wp-json\/wp\/v2\/pages\/136\/revisions"}],"predecessor-version":[{"id":137,"href":"https:\/\/beatasobieraj.xaa.pl\/index.php\/wp-json\/wp\/v2\/pages\/136\/revisions\/137"}],"wp:attachment":[{"href":"https:\/\/beatasobieraj.xaa.pl\/index.php\/wp-json\/wp\/v2\/media?parent=136"}],"curies":[{"name":"wp","href":"https:\/\/api.w.org\/{rel}","templated":true}]}}